{"id":1004,"date":"2024-03-28T16:49:16","date_gmt":"2024-03-28T15:49:16","guid":{"rendered":"https:\/\/lbs-escooter.ch\/?page_id=1004"},"modified":"2024-03-28T16:49:16","modified_gmt":"2024-03-28T15:49:16","slug":"termes-et-conditions","status":"publish","type":"page","link":"https:\/\/lbs-escooter.ch\/?page_id=1004","title":{"rendered":"Termes et Conditions"},"content":{"rendered":"\n<h5 class=\"wp-block-heading\">CHAMP D&#8217;APPLICATION<\/h5>\n\n\n\n<p>Les conditions suivantes s&#8217;appliquent \u00e0 tous les contrats qu&#8217;un consommateur ou un client professionnel conclut avec le vendeur concernant les marchandises et\/ou les services pr\u00e9sent\u00e9s par le vendeur dans sa boutique en ligne. L&#8217;inclusion des propres conditions du client est exclue, \u00e0 moins que d&#8217;autres conditions n&#8217;aient \u00e9t\u00e9 convenues. Aux fins des pr\u00e9sentes conditions g\u00e9n\u00e9rales, un consommateur est d\u00e9fini comme toute personne physique qui conclut un acte juridique dans un but qui ne peut \u00eatre attribu\u00e9 ni \u00e0 son activit\u00e9 commerciale ni \u00e0 son activit\u00e9 d&#8217;ind\u00e9pendant. Un client entreprise, dans le cadre des pr\u00e9sentes Conditions G\u00e9n\u00e9rales, est d\u00e9fini comme toute personne physique ou morale ou un partenariat commercial dot\u00e9 de la personnalit\u00e9 juridique, qui agit dans l&#8217;exercice de ses activit\u00e9s commerciales ou ind\u00e9pendantes lors de la conclusion d&#8217;une transaction juridique.<\/p>\n\n\n\n<h5 class=\"wp-block-heading\">GARANTIE<\/h5>\n\n\n\n<p>Cette garantie limit\u00e9e couvre tous les d\u00e9fauts des nouveaux appareils Joyor accompagn\u00e9s de cette d\u00e9claration de garantie limit\u00e9e pour une p\u00e9riode de 24 mois* apr\u00e8s le premier achat au d\u00e9tail des pi\u00e8ces \u00e9lectriques (\u00e9cran, contr\u00f4leur, moteur et chargeur) contre les d\u00e9fauts de fabrication et de mat\u00e9riau lors d&#8217;un remplacement. et une garantie de 12 mois ou 2 000 km pour la batterie (selon la premi\u00e8re \u00e9ventualit\u00e9) dans des conditions normales d&#8217;installation, d&#8217;utilisation, d&#8217;entretien et de maintenance.<\/p>\n\n\n\n<p>Cette garantie s&#8217;applique uniquement \u00e0 l&#8217;acheteur d&#8217;origine et n&#8217;est pas transf\u00e9rable.<\/p>\n\n\n\n<p><\/p>\n\n\n\n<h5 class=\"wp-block-heading\">ANNULATION &amp; RETRAIT<\/h5>\n\n\n\n<p>&#8211; Les consommateurs ont le droit de retourner les produits ou d&#8217;annuler leurs commandes dans les&nbsp;14&nbsp;jours&nbsp;apr\u00e8s l&#8217;achat sans aucune raison uniquement dans le cas o\u00f9 le produit n&#8217;est pas utilis\u00e9, il a 0&nbsp;km de kilom\u00e9trage total et se trouve dans sa bo\u00eete d&#8217;origine. Le d\u00e9lai de retour expirera 14&nbsp;jours&nbsp;\u00e0 compter du jour o\u00f9 vous achetez, ou un tiers autre que le transporteur et que vous indiquez, acquiert la possession physique du bien.<\/p>\n\n\n\n<p>&#8211; Pour exercer le droit de retour ou d&#8217;annulation, le client doit informer LBS SWISS \u00e0 contact@lbs-escooter.ch de la d\u00e9cision par e-mail, en envoyant le num\u00e9ro de votre commande et la r\u00e9ception de l&#8217;achat. Pour respecter le d\u00e9lai de retour, il suffit d&#8217;envoyer votre communication sur l&#8217;exercice du droit de retour avant l&#8217;expiration de la retraite.<\/p>\n\n\n\n<p>&#8211; Si le client demande un retour qui correspond \u00e0 toutes les exigences de notre politique de retour, nous devons vous rembourser tous les paiements \u00e0 l&#8217;exception des frais d&#8217;exp\u00e9dition. Pour ce remboursement, nous utiliserons le m\u00eame mode de paiement que celui que vous avez utilis\u00e9 pour la transaction d&#8217;origine, sauf si quelque chose de diff\u00e9rent a \u00e9t\u00e9 express\u00e9ment convenu avec vous&nbsp;; dans tous les cas, des frais seront factur\u00e9s \u00e0 la suite de ce remboursement.<\/p>\n\n\n\n<p>&#8211; Dans tous les cas de retour, nous conservons le remboursement jusqu&#8217;\u00e0 ce que la marchandise ait \u00e9t\u00e9 retourn\u00e9e et examin\u00e9e par notre \u00e9quipe technique. Le client doit supporter les frais de retour de la marchandise.<\/p>\n\n\n\n<h5 class=\"wp-block-heading\">MODALIT\u00c9S DE PAIEMENT<\/h5>\n\n\n\n<p>Les prix indiqu\u00e9s sur le site sont d\u00e9finitifs et incluent la TVA Suisse l\u00e9gale sur Gen\u00e8ve.<\/p>\n\n\n\n<p>Les frais de livraison et d&#8217;exp\u00e9dition suppl\u00e9mentaires \u00e9ventuellement applicables seront indiqu\u00e9s s\u00e9par\u00e9ment dans l&#8217;offre pour chaque pr\u00e9sentation de produit.<\/p>\n\n\n\n<p>Dans le cas de livraisons au sein de l&#8217;UE, le vendeur propose les options de paiement suivantes dans la mesure o\u00f9 rien de contraire n&#8217;est stipul\u00e9 dans l&#8217;offre pour chaque pr\u00e9sentation de produit :<\/p>\n\n\n\n<p>&#8211; Virement bancaire direct<br>&#8211; Cartes bancaires <\/p>\n\n\n\n<p>Si le mode de paiement par virement bancaire a \u00e9t\u00e9 s\u00e9lectionn\u00e9, nous indiquerons nos coordonn\u00e9es bancaires dans la confirmation de commande et vous devrez inclure le num\u00e9ro de bon de commande dans la note de transaction.<br><\/p>\n\n\n\n<h5 class=\"wp-block-heading\">LIVRAISON &amp; EXP\u00c9DITION<\/h5>\n\n\n\n<p>&#8211; Les frais de port sont annul\u00e9s pour toutes les commandes sup\u00e9rieures \u00e0 1500 \u20ac dans les pays de l&#8217;UE,  nous enverrons les colis dans les 5 \u00e0 7 jours suivant la confirmation de la commande.<\/p>\n\n\n\n<p>&#8211; Pour les livraisons vers des pays en dehors de l&#8217;UE, dans des cas individuels, des frais suppl\u00e9mentaires pour lesquels le vendeur n&#8217;est pas responsable peuvent s&#8217;appliquer et doivent \u00eatre support\u00e9s par les clients.<\/p>\n\n\n\n<p>&#8211; Sauf indication contraire dans l&#8217;offre, le d\u00e9lai de livraison est de 5 \u00e0 7 jours en Suisse. Dans les pays de l&#8217;UE, le d\u00e9lai de livraison est de 5 \u00e0 10 jours. Dans les pays en dehors de l&#8217;UE, la livraison aura lieu dans un d\u00e9lai de 7 \u00e0 10 jours.<\/p>\n\n\n\n<p>&#8211; Si tous les produits command\u00e9s ne sont pas en stock, nous sommes autoris\u00e9s \u00e0 effectuer des livraisons partielles \u00e0 nos frais, dans la mesure o\u00f9 cela est raisonnable pour vous.<\/p>\n\n\n\n<p>&#8211; Si la livraison de la marchandise \u00e9choue trois fois, nous sommes en droit de r\u00e9silier le contrat. Le cas \u00e9ch\u00e9ant, les paiements effectu\u00e9s vous seront rapidement rembours\u00e9s.<\/p>\n\n\n\n<p>&#8211; Si les marchandises sont livr\u00e9es avec des dommages de transport \u00e9vidents, veuillez imm\u00e9diatement vous plaindre de ces erreurs au livreur et nous contacter d\u00e8s que possible \u00e0 contact@lbs-escooter.ch.<\/p>\n\n\n\n<h5 class=\"wp-block-heading\">RESPONSABILIT\u00c9 POUR LES D\u00c9FECTUOSIT\u00c9S<\/h5>\n\n\n\n<p> LBS SWISS assume l&#8217;enti\u00e8re responsabilit\u00e9 des d\u00e9fauts caus\u00e9s par le d\u00e9faut d&#8217;usine.<\/p>\n\n\n\n<h5 class=\"wp-block-heading\">LOI APPLICABLE<\/h5>\n\n\n\n<p>Les lois Suisse s&#8217;appliquent \u00e0 toutes les relations juridiques entre les parties, \u00e0 l&#8217;exclusion des lois r\u00e9gissant la vente internationale de marchandises. Pour les consommateurs, ce choix de loi ne s&#8217;applique que dans la mesure o\u00f9 la protection accord\u00e9e n&#8217;est pas retir\u00e9e par des dispositions l\u00e9gales imp\u00e9ratives de la loi du pays ou de l&#8217;\u00e9tat dans lequel le consommateur r\u00e9side normalement.<\/p>\n","protected":false},"excerpt":{"rendered":"<p>CHAMP D&#8217;APPLICATION Les conditions suivantes s&#8217;appliquent \u00e0 tous les contrats qu&#8217;un consommateur ou un client professionnel conclut avec le vendeur&hellip;<\/p>\n","protected":false},"author":1,"featured_media":0,"parent":0,"menu_order":0,"comment_status":"closed","ping_status":"closed","template":"","meta":{"_joinchat":[],"footnotes":""},"class_list":["post-1004","page","type-page","status-publish","hentry"],"jetpack_sharing_enabled":true,"_links":{"self":[{"href":"https:\/\/lbs-escooter.ch\/index.php?rest_route=\/wp\/v2\/pages\/1004","targetHints":{"allow":["GET"]}}],"collection":[{"href":"https:\/\/lbs-escooter.ch\/index.php?rest_route=\/wp\/v2\/pages"}],"about":[{"href":"https:\/\/lbs-escooter.ch\/index.php?rest_route=\/wp\/v2\/types\/page"}],"author":[{"embeddable":true,"href":"https:\/\/lbs-escooter.ch\/index.php?rest_route=\/wp\/v2\/users\/1"}],"replies":[{"embeddable":true,"href":"https:\/\/lbs-escooter.ch\/index.php?rest_route=%2Fwp%2Fv2%2Fcomments&post=1004"}],"version-history":[{"count":1,"href":"https:\/\/lbs-escooter.ch\/index.php?rest_route=\/wp\/v2\/pages\/1004\/revisions"}],"predecessor-version":[{"id":1005,"href":"https:\/\/lbs-escooter.ch\/index.php?rest_route=\/wp\/v2\/pages\/1004\/revisions\/1005"}],"wp:attachment":[{"href":"https:\/\/lbs-escooter.ch\/index.php?rest_route=%2Fwp%2Fv2%2Fmedia&parent=1004"}],"curies":[{"name":"wp","href":"https:\/\/api.w.org\/{rel}","templated":true}]}}