{"id":917,"date":"2024-03-12T10:47:45","date_gmt":"2024-03-12T09:47:45","guid":{"rendered":"https:\/\/lbs-escooter.ch\/?post_type=product&#038;p=917"},"modified":"2025-11-26T15:15:04","modified_gmt":"2025-11-26T14:15:04","slug":"trottinette-electrique-joyor-y-10","status":"publish","type":"product","link":"https:\/\/lbs-escooter.ch\/?product=trottinette-electrique-joyor-y-10","title":{"rendered":"Trottinette \u00e9lectrique JOYOR Y 10"},"content":{"rendered":"<p>Le\u00a0<strong>Joyor Y 10 <\/strong>poss\u00e8de la plus grande autonomie du march\u00e9. Avec une autonomie de 90 \u00e0 100 km sur une batterie pleine, il laisse la concurrence loin derri\u00e8re. Avec des freins \u00e0 disque \u00e0 l&#8217;avant et \u00e0 l&#8217;arri\u00e8re et une double suspension avant, le scooter offre un confort et une s\u00e9curit\u00e9 encore plus agr\u00e9ables.<\/p>\n<p>Les feux avant et arri\u00e8re, les clignotants lat\u00e9raux avant et arri\u00e8re offrent une visibilit\u00e9 suppl\u00e9mentaire le soir. Con\u00e7ue pour \u00eatre la trottinette \u00e9lectrique la plus s\u00fbre et la plus puissante du march\u00e9 avec la plus grande port\u00e9e que vous puissiez imaginer, la Y10 est par ailleurs parfaite pour de nombreuses applications.<\/p>\n<p>&nbsp;<\/p>\n<h2>Sp\u00e9cifications :<\/h2>\n<ul>\n<li><strong>Moteur\u00a0<\/strong>: 500W<\/li>\n<li><strong>Distance<\/strong>\u00a0: 90-100 km<\/li>\n<li><strong>Vitesse maximale\u00a0<\/strong>: 20 km\/h<\/li>\n<li><strong>R\u00e9gulateur de vitesse\u00a0<\/strong>: oui<\/li>\n<li><strong>Connexion USB<\/strong>\u00a0: sur l&#8217;\u00e9cran (par exemple, pour charger un smartphone)<\/li>\n<li><strong>Guidon :\u00a0<\/strong>r\u00e9glable en hauteur<\/li>\n<li><strong>Batterie<\/strong>\u00a0: 48V, 26Ah Lithium-ion<\/li>\n<li><strong>Poids\u00a0<\/strong>: 23 kg<\/li>\n<li><strong>Dimensions d\u00e9pli\u00e9es\u00a0<\/strong>: 1200 * 250 * 460 mm<\/li>\n<li><strong>Dimensions repli\u00e9es\u00a0<\/strong>: 1150 * 210 * 430 mm<\/li>\n<li><strong>Pneumatiques\u00a0<\/strong>: Pneumatiques 10&#8243;.<\/li>\n<li><strong>Temps de charge<\/strong>\u00a0: 10-15 heures<\/li>\n<li><strong>Charge maximale\u00a0<\/strong>: 120 kg<\/li>\n<li><strong>Capacit\u00e9 de pente\u00a0<\/strong>: 15 degr\u00e9s<\/li>\n<li><strong>Nombre de niveaux de vitesse<\/strong>\u00a0: 3<\/li>\n<li><strong>\u00c9clairage\u00a0<\/strong>: feux avant et arri\u00e8re, clignotants<\/li>\n<\/ul>\n","protected":false},"excerpt":{"rendered":"<p><img fetchpriority=\"high\" decoding=\"async\" class=\"alignnone size-medium wp-image-907\" src=\"https:\/\/lbs-escooter.ch\/wp-content\/uploads\/2020\/06\/Capture-decran-2024-02-06-a-14.50.43-229x300.png\" alt=\"\" width=\"229\" height=\"300\" srcset=\"https:\/\/lbs-escooter.ch\/wp-content\/uploads\/2020\/06\/Capture-decran-2024-02-06-a-14.50.43-229x300.png 229w, https:\/\/lbs-escooter.ch\/wp-content\/uploads\/2020\/06\/Capture-decran-2024-02-06-a-14.50.43-781x1024.png 781w, https:\/\/lbs-escooter.ch\/wp-content\/uploads\/2020\/06\/Capture-decran-2024-02-06-a-14.50.43-768x1007.png 768w, https:\/\/lbs-escooter.ch\/wp-content\/uploads\/2020\/06\/Capture-decran-2024-02-06-a-14.50.43-600x787.png 600w, https:\/\/lbs-escooter.ch\/wp-content\/uploads\/2020\/06\/Capture-decran-2024-02-06-a-14.50.43.png 804w\" sizes=\"(max-width: 229px) 100vw, 229px\" \/><img decoding=\"async\" class=\"alignnone size-medium wp-image-897\" src=\"https:\/\/lbs-escooter.ch\/wp-content\/uploads\/2024\/03\/Capture-decran-2024-02-06-a-14.51.01-1-300x266.png\" alt=\"\" width=\"300\" height=\"266\" srcset=\"https:\/\/lbs-escooter.ch\/wp-content\/uploads\/2024\/03\/Capture-decran-2024-02-06-a-14.51.01-1-300x266.png 300w, https:\/\/lbs-escooter.ch\/wp-content\/uploads\/2024\/03\/Capture-decran-2024-02-06-a-14.51.01-1-600x532.png 600w, https:\/\/lbs-escooter.ch\/wp-content\/uploads\/2024\/03\/Capture-decran-2024-02-06-a-14.51.01-1-1024x908.png 1024w, https:\/\/lbs-escooter.ch\/wp-content\/uploads\/2024\/03\/Capture-decran-2024-02-06-a-14.51.01-1-768x681.png 768w, https:\/\/lbs-escooter.ch\/wp-content\/uploads\/2024\/03\/Capture-decran-2024-02-06-a-14.51.01-1.png 1134w\" sizes=\"(max-width: 300px) 100vw, 300px\" \/><img decoding=\"async\" class=\"alignnone size-medium wp-image-918\" src=\"https:\/\/lbs-escooter.ch\/wp-content\/uploads\/2024\/03\/Capture-decran-2024-02-06-a-14.50.50-1-300x218.png\" alt=\"\" width=\"300\" height=\"218\" srcset=\"https:\/\/lbs-escooter.ch\/wp-content\/uploads\/2024\/03\/Capture-decran-2024-02-06-a-14.50.50-1-300x218.png 300w, https:\/\/lbs-escooter.ch\/wp-content\/uploads\/2024\/03\/Capture-decran-2024-02-06-a-14.50.50-1-768x559.png 768w, https:\/\/lbs-escooter.ch\/wp-content\/uploads\/2024\/03\/Capture-decran-2024-02-06-a-14.50.50-1-600x437.png 600w, https:\/\/lbs-escooter.ch\/wp-content\/uploads\/2024\/03\/Capture-decran-2024-02-06-a-14.50.50-1.png 1008w\" sizes=\"(max-width: 300px) 100vw, 300px\" \/> <img loading=\"lazy\" decoding=\"async\" class=\"alignnone size-medium wp-image-919\" src=\"https:\/\/lbs-escooter.ch\/wp-content\/uploads\/2024\/03\/Capture-decran-2024-02-06-a-14.50.33-1-300x249.png\" alt=\"\" width=\"300\" height=\"249\" srcset=\"https:\/\/lbs-escooter.ch\/wp-content\/uploads\/2024\/03\/Capture-decran-2024-02-06-a-14.50.33-1-300x249.png 300w, https:\/\/lbs-escooter.ch\/wp-content\/uploads\/2024\/03\/Capture-decran-2024-02-06-a-14.50.33-1-1024x849.png 1024w, https:\/\/lbs-escooter.ch\/wp-content\/uploads\/2024\/03\/Capture-decran-2024-02-06-a-14.50.33-1-768x637.png 768w, https:\/\/lbs-escooter.ch\/wp-content\/uploads\/2024\/03\/Capture-decran-2024-02-06-a-14.50.33-1-600x498.png 600w, https:\/\/lbs-escooter.ch\/wp-content\/uploads\/2024\/03\/Capture-decran-2024-02-06-a-14.50.33-1.png 1044w\" sizes=\"(max-width: 300px) 100vw, 300px\" \/> <img loading=\"lazy\" decoding=\"async\" class=\"alignnone size-medium wp-image-920\" src=\"https:\/\/lbs-escooter.ch\/wp-content\/uploads\/2024\/03\/Capture-decran-2024-02-06-a-14.50.01-1-300x286.png\" alt=\"\" width=\"300\" height=\"286\" srcset=\"https:\/\/lbs-escooter.ch\/wp-content\/uploads\/2024\/03\/Capture-decran-2024-02-06-a-14.50.01-1-300x286.png 300w, https:\/\/lbs-escooter.ch\/wp-content\/uploads\/2024\/03\/Capture-decran-2024-02-06-a-14.50.01-1-1024x976.png 1024w, https:\/\/lbs-escooter.ch\/wp-content\/uploads\/2024\/03\/Capture-decran-2024-02-06-a-14.50.01-1-768x732.png 768w, https:\/\/lbs-escooter.ch\/wp-content\/uploads\/2024\/03\/Capture-decran-2024-02-06-a-14.50.01-1-600x572.png 600w, https:\/\/lbs-escooter.ch\/wp-content\/uploads\/2024\/03\/Capture-decran-2024-02-06-a-14.50.01-1.png 1068w\" sizes=\"(max-width: 300px) 100vw, 300px\" \/> <img loading=\"lazy\" decoding=\"async\" class=\"alignnone size-medium wp-image-921\" src=\"https:\/\/lbs-escooter.ch\/wp-content\/uploads\/2024\/03\/Capture-decran-2024-02-06-a-14.50.15-1-300x291.png\" alt=\"\" width=\"300\" height=\"291\" srcset=\"https:\/\/lbs-escooter.ch\/wp-content\/uploads\/2024\/03\/Capture-decran-2024-02-06-a-14.50.15-1-300x291.png 300w, https:\/\/lbs-escooter.ch\/wp-content\/uploads\/2024\/03\/Capture-decran-2024-02-06-a-14.50.15-1-1024x994.png 1024w, https:\/\/lbs-escooter.ch\/wp-content\/uploads\/2024\/03\/Capture-decran-2024-02-06-a-14.50.15-1-768x746.png 768w, https:\/\/lbs-escooter.ch\/wp-content\/uploads\/2024\/03\/Capture-decran-2024-02-06-a-14.50.15-1-600x583.png 600w, https:\/\/lbs-escooter.ch\/wp-content\/uploads\/2024\/03\/Capture-decran-2024-02-06-a-14.50.15-1.png 1100w\" sizes=\"(max-width: 300px) 100vw, 300px\" \/><\/p>\n","protected":false},"featured_media":894,"comment_status":"open","ping_status":"closed","template":"","meta":{"_joinchat":[]},"product_cat":[35],"product_tag":[],"class_list":{"0":"post-917","1":"product","2":"type-product","3":"status-publish","4":"has-post-thumbnail","6":"product_cat-e-scooter","8":"first","9":"instock","10":"taxable","11":"shipping-taxable","12":"purchasable","13":"product-type-simple"},"jetpack_sharing_enabled":true,"_links":{"self":[{"href":"https:\/\/lbs-escooter.ch\/index.php?rest_route=\/wp\/v2\/product\/917","targetHints":{"allow":["GET"]}}],"collection":[{"href":"https:\/\/lbs-escooter.ch\/index.php?rest_route=\/wp\/v2\/product"}],"about":[{"href":"https:\/\/lbs-escooter.ch\/index.php?rest_route=\/wp\/v2\/types\/product"}],"replies":[{"embeddable":true,"href":"https:\/\/lbs-escooter.ch\/index.php?rest_route=%2Fwp%2Fv2%2Fcomments&post=917"}],"wp:featuredmedia":[{"embeddable":true,"href":"https:\/\/lbs-escooter.ch\/index.php?rest_route=\/wp\/v2\/media\/894"}],"wp:attachment":[{"href":"https:\/\/lbs-escooter.ch\/index.php?rest_route=%2Fwp%2Fv2%2Fmedia&parent=917"}],"wp:term":[{"taxonomy":"product_cat","embeddable":true,"href":"https:\/\/lbs-escooter.ch\/index.php?rest_route=%2Fwp%2Fv2%2Fproduct_cat&post=917"},{"taxonomy":"product_tag","embeddable":true,"href":"https:\/\/lbs-escooter.ch\/index.php?rest_route=%2Fwp%2Fv2%2Fproduct_tag&post=917"}],"curies":[{"name":"wp","href":"https:\/\/api.w.org\/{rel}","templated":true}]}}